-c**2 - 15*c - 36. What is g(-3)?
0
Let d(x) = 50*x - 776. Determine d(15).
-26
Let l(o) = 224*o - 1361. Determine l(6).
-17
Let z(c) = -3160*c - 6303. Calculate z(-2).
17
Let i(c) = c**3 + 38*c**2 + 86*c + 494. Give i(-36).
-10
Let d(o) = -o**3 - 10*o**2 + 27*o + 220. What is d(-11)?
44
Let o(d) = d**3 - 42*d**2 + 432*d + 2. What is o(18)?
2
Let u(p) = -p**3 - 12*p**2 + 71*p - 212. Give u(-17).
26
Let w(q) = q**2 + 33. Give w(0).
33
Let z(u) = -1649*u + 13219. What is z(8)?
27
Let u(b) = -125*b - 545. What is u(-4)?
-45
Let a(h) = -132*h**3 - 28*h**2 - 51*h + 1. What is a(-2)?
1047
Let m(p) = 37*p - 17. Determine m(-5).
-202
Let m(r) = -2*r**2 - 55*r - 302. Determine m(-19).
21
Let g(o) = 346*o - 14513. Determine g(42).
19
Let u(s) = s**3 - 7*s**2 + 6*s. Determine u(8).
112
Let o(a) = a**3 - 54*a**2 + 151*a + 93. Give o(51).
-9
Let g(a) = -a**2 - 10*a + 400. Calculate g(16).
-16
Let y(z) = -z**2 + 449*z - 18182. Determine y(404).
-2
Let x(n) = -n**3 + 24*n**2 - 50*n + 34. Calculate x(21).
307
Let c(x) = -4*x - 101. Determine c(-36).
43
Let x(f) = f**3 + 184*f**2 - 1339*f + 19. Give x(7).
5
Let q(o) = -o**2 - 20*o + 302. Give q(-31).
-39
Let r(t) = -t**3 - 9*t**2 + 133*t - 220. Give r(-17).
-169
Let o(r) = -27*r**3 + r**2 + 4*r + 28. Determine o(-3).
754
Let z(i) = -55*i**2 + 1810*i + 166. Give z(33).
1
Let u(x) = -10*x**3 - 240*x**2 - 2*x - 55. Determine u(-24).
-7
Let j(r) = -143*r + 55777. What is j(390)?
7
Let k(u) = -u**3 + 6*u**2 + 134*u - 897. Give k(7).
-8
Let f(s) = -11*s**2 - 64*s. Give f(-6).
-12
Let n(x) = 2*x**3 - 118*x**2 + 115*x + 21. What is n(58)?
-37
Let w(b) = 13365*b + 93556. Calculate w(-7).
1
Let s(g) = -g**3 + 4*g**2 - 29*g + 157. Give s(5).
-13
Let k(b) = -15*b + 332. What is k(26)?
-58
Let m(f) = 5*f**2 + 476*f + 1023. Give m(-93).
0
Let x(o) = o**3 - 24*o**2 - 535*o + 133. What is x(38)?
19
Let j(z) = 2*z**2 - 62*z + 253. Determine j(7).
-83
Let y(k) = -281*k - 541. Calculate y(-2).
21
Let v(w) = w**3 - 52*w**2 - 115*w + 383. What is v(54)?
5
Let t(u) = -37*u - 292. Give t(6).
-514
Let h(w) = -2*w**3 - 33*w**2 + 15*w + 7. Calculate h(-17).
41
Let y(c) = 37*c - 26. What is y(7)?
233
Let n(q) = q**3 + 9*q**2 - 22*q - 193. Calculate n(-9).
5
Let g(y) = 38*y**2 - 21*y + 26. Give g(1).
43
Let g(h) = h**3 + 12*h**2 - 127*h + 107. Determine g(-19).
-7
Let y(h) = 5*h**2 - 99*h + 487. Calculate y(11).
3
Let v(p) = -39*p - 370. Determine v(-10).
20
Let t(m) = -3*m**2 - 232*m - 1037. Give t(-5).
48
Let t(j) = -17*j**2 - 25*j + 8. Give t(-4).
-164
Let y(i) = -i**2 - 29*i - 57. Give y(-27).
-3
Let q(o) = -o**3 - o**2 + 15*o + 16. Give q(-3).
-11
Let n(c) = -15*c + 60. Calculate n(15).
-165
Let d(r) = -4170*r - 33356. What is d(-8)?
4
Let g(r) = 3*r**3 + 16*r**2 + 9*r + 19. Calculate g(-5).
-1
Let s(h) = 10*h**2 + 110*h - 133. What is s(-12)?
-13
Let i(r) = 208*r + 1865. What is i(-9)?
-7
Let x(v) = -37*v - 780. What is x(-21)?
-3
Let a(h) = -4*h**3 - 27*h**2 + 2*h - 10. Calculate a(-7).
25
Let n(z) = 4*z**2 + 40*z - 1. Determine n(-12).
95
Let w(j) = 2*j**3 + 11*j**2 - 24*j + 9. What is w(2)?
21
Let z(f) = 2*f**3 - 64*f**2 - f + 12. Calculate z(32).
-20
Let p(g) = -g**3 + 31*g**2 + 31*g + 47. Give p(32).
15
Let l(g) = -25*g**2 + 447*g - 70. Calculate l(18).
-124
Let r(s) = s**3 - 133*s**2 - 839*s - 22. What is r(-6)?
8
Let q(k) = -k**3 - 47*k**2 - 90*k + 33. Give q(-45).
33
Let u(p) = -p**3 - 12*p**2 - 34*p - 112. Determine u(-9).
-49
Let n(g) = -g**3 - 31*g**2 - 229*g - 7. Give n(-19).
12
Let b(a) = -a**2 + 126*a + 2076. Give b(-15).
-39
Let j(n) = n**3 - 213*n**2 + 606*n + 5043. Give j(210).
3
Let b(n) = 2*n - 1. Calculate b(-50).
-101
Let q(d) = -d**3 - 39*d**2 - 74*d - 1388. Calculate q(-38).
-20
Let r(f) = -f**3 + 5*f**2 + 9*f - 54. Give r(5).
-9
Let c(s) = -s**2 + 67*s + 2484. Give c(-26).
66
Let y(t) = 14*t - 378. What is y(34)?
98
Let c(r) = -2*r**3 + 99*r**2 + 375*r - 213. Determine c(53).
-1
Let n(c) = -c**3 + 105*c**2 - 779*c + 26. Give n(8).
2
Let j(m) = -164*m**3 - 5*m**2 + 7*m + 1. Calculate j(0).
1
Let t(y) = -3*y**2 + 1313*y - 6487. Calculate t(5).
3
Let o(t) = 85*t + 991. Determine o(-8).
311
Let s(v) = -3*v**3 + 13*v**2 - 39*v + 17. Determine s(3).
-64
Let n(w) = -2*w**2 + 32*w - 27. Give n(4).
69
Let a(u) = 2*u**3 - 11*u**2 - 4*u + 9. Give a(8).
297
Let p(y) = -5*y**2 - 906*y + 19027. Calculate p(19).
8
Let p(s) = -11*s + 44. Determine p(9).
-55
Let v(w) = 2*w**2 - 566*w + 2773. Calculate v(5).
-7
Let w(o) = 2*o**2 + 62*o + 451. Give w(-20).
11
Let m(k) = k**3 - 9*k**2 - 397*k + 1729. Give m(23).
4
Let t(j) = 650*j + 1970. Calculate t(-3).
20
Let w(h) = 3*h**2 - 58*h + 71. Calculate w(10).
-209
Let j(p) = p**2 - 10*p - 30. Determine j(13).
9
Let n(l) = -385*l + 5703. What is n(15)?
-72
Let v(c) = c**2 + 23*c - 236. Determine v(-29).
-62
Let h(b) = -b**2 + 215*b - 1260. What is h(6)?
-6
Let g(v) = 72*v + 1447. Determine g(-21).
-65
Let o(x) = -3*x**3 + 28*x**2 - 59*x - 7. What is o(5)?
23
Let m(g) = -7*g**2 + 8*g - 4. Calculate m(-4).
-148
Let m(c) = -c**3 - 3*c**2. What is m(-3)?
0
Let n(d) = -219*d - 4509. Calculate n(-21).
90
Let y(k) = -90*k - 409. Give y(-3).
-139
Let j(x) = x**3 + 26*x**2 + 2*x + 84. Calculate j(-26).
32
Let l(x) = -156*x**3 - 7*x - 6. Determine l(-1).
157
Let n(l) = -504*l - 1519. Give n(-3).
-7
Let b(i) = -23*i**2 - 162*i + 6. What is b(-7)?
13
Let t(b) = 2*b**3 + 6*b**2 - 7*b - 35. Give t(-3).
-14
Let b(a) = 29*a + 16. What is b(-9)?
-245
Let p(s) = 2*s**2 - 5*s + 16. Determine p(3).
19
Let g(t) = -t**3 + 34*t**2 - 20*t + 22. Determine g(33).
451
Let f(q) = -2*q**3 - 39*q**2 + 110*q + 33. What is f(-22)?
33
Let a(l) = 2*l**2 + 19*l + 3. Determine a(-9).
-6
Let s(f) = -14*f - 362. What is s(-27)?
16
Let u(q) = -33*q - 375. Determine u(-11).
-12
Let k(q) = -2*q**2 + 176*q - 36. Give k(0).
-36
Let y(g) = -201*g - 291. Calculate y(-2).
111
Let b(f) = -f**2 - 67*f + 1146. What is b(-80)?
106
Let o(v) = 4562*v - 45630. Determine o(10).
-10
Let s(n) = -n**2 - 52*n + 322. Calculate s(10).
-298
Let d(f) = 5*f**3 + 96*f**2 + 16*f - 70. Calculate d(-19).
-13
Let i(c) = 36*c**2 + 1663*c + 325. What is i(-46)?
3
Let z(r) = -2*r**2 + 14*r + 9912. What is z(74)?
-4
Let o(s) = -2*s**3 + 152*s**2 - 152*s + 127. Calculate o(75).
-23
Let f(z) = 2*z**3 - 45*z**2 - 29*z + 143. Calculate f(23).
5
Let z(i) = -72*i - 139. Give z(-2).
5
Let x(m) = -m**3 + 27*m**2 + 68*m - 1121. Give x(28).
-1
Let f(k) = 110*k**3 + k**2 + 7*k - 7. What is f(1)?
111
Let h(v) = -11*v + 222. Give h(23).
-31
Let x(h) = -5738*h - 22967. Give x(-4).
-15
Let n(t) = -t**3 - 4*t**2 + 28*t + 78. Calculate n(-7).
29
Let w(q) = q**3 - 2*q**2 - 28*q + 24. Calculate w(6).
0
Let w(f) = -f**3 + 36*f**2 - 315*f + 8. Give w(21).
8
Let g(t) = -2*t**2 + 148*t + 328. What is g(79)?
-462
Let s(t) = t**2 - 236*t + 3690. Determine s(17).
-33
Let i(k) = -22*k**2 - 2575*k - 132. Calculate i(-117).
-15
Let j(m) = 5*m + 7. Give j(-4).
-13
Let f(q) = -2*q**3 + 2*q**2 + 8*q - 16. What is f(3)?
-28
Let z(m) = -170*m + 1144. Calculate z(7).
-46
Let q(i) = 55*i + 690. Determine q(-13).
-25
Let h(f) = 2640*f - 42249. Calculate h(16).
-9
Let k(m) = 7*m - 23. Determine k(2).
-9
Let t(r) = r**2 + 14*r - 287. What is t(11)?
-12
Let r(u) = 3*u**3 + 89*u**2 - 34*u - 124. Give r(-30).
-4
Let a(l) = -4*l**2 + 287*l - 229. Give a(71).
-16
Let m(t) = -t**3 + 13*t**2 - 27*t + 68. What is m(11)?
13
Let i(b) = -b**3 + 60*b**2 + 44*b + 1043. Calculate i(61).
6
Let u(r) = -r**2 + 57*r - 277. Calculate u(51).
29
Let k(x) = 59*x - 159. Determine k(2).
-41
Let d(n) = -n**3 + 33*n**2 + 81*n - 389. Determine d(35).
-4
Let o(l) = 45*l - 353. Determine o(7).
-38
Let t(y) = -3510*y - 63187. Determine t(-18).
-7
Let g(y) = -y**3 + 164*y**2 - 490*y + 28. Calculate g(3).
7
Let x(w) = w**2 - 23*w + 51. Calculate x(19).
-25
Let o(l) = 2*l**2 - 401*l + 3453. Determine o(9).
6
Let t(w) = -48*w + 96. Determine t(-8).
480
Let q(m) = -8*m**2 + 25*m + 31. Calculate q(9).
-392
Let d(i) = -15*i**2 + 83*i - 24. Give d(5).
16
Let j(z) = z**2 + 77*z - 10079. Give j(-146).
-5
Let g(t) = 8*t - 493. Give g(51).
-85
Let l(n) = -n**3 - 7*n**2 + 3*n + 39. What is l(-7)?
18
Let o(c) = c**3 - 14*c**2 + 30*c - 82. Determine o(12).
-10
Let p(d) = -29*d**2 - 11*d + 38. Determine p(4).
-470
Let k(f) = -f**3 